{"id":128,"date":"2022-04-18T21:33:42","date_gmt":"2022-04-18T21:33:42","guid":{"rendered":"https:\/\/malopolskiecentrumsztuki.pl\/?post_type=jetpack-portfolio&#038;p=128"},"modified":"2023-03-03T23:38:15","modified_gmt":"2023-03-03T23:38:15","slug":"wojewodzki-konkurs-na-interpretacje-piosenki-polskiej","status":"publish","type":"jetpack-portfolio","link":"https:\/\/malopolskiecentrumsztuki.pl\/index.php\/portfolio\/wojewodzki-konkurs-na-interpretacje-piosenki-polskiej\/","title":{"rendered":"moje serce to jest muzyk 2022"},"content":{"rendered":"\n<p>W kwietniu 2022 roku, wsp\u00f3lnie z M\u0142odzie\u017cowym Domem Kultury \u201cDom Harcerza\u201d im. prof. A. Kami\u0144skiego w Krakowie, zorganizowali\u015bmy wojew\u00f3dzki konkurs na interpretacj\u0119 piosenki polskiej.<\/p>\n\n\n\n<p>Do konkursu przyst\u0119puje ponad 50 m\u0142odych artyst\u00f3w.<\/p>\n\n\n\n<p>Relacj\u0119 i zwyci\u0119zc\u00f3w przedstawimy w maju 2022, po zako\u0144czeniu przes\u0142ucha\u0144 i obrad jury.<\/p>\n\n\n\n<p>Wi\u0119cej na stronie projektu: <a href=\"http:\/\/www.gramyspiewamy.pl\" target=\"_blank\" rel=\"nofollow\">www.gramyspiewamy.pl<\/a><\/p>\n\n\n\n<figure class=\"wp-block-image size-large\"><img loading=\"lazy\" decoding=\"async\" width=\"724\" height=\"1024\" src=\"https:\/\/malopolskiecentrumsztuki.pl\/wp-content\/uploads\/2022\/04\/plakat_moje_serce_2022-724x1024.jpg\" alt=\"\" class=\"wp-image-132\" srcset=\"https:\/\/malopolskiecentrumsztuki.pl\/wp-content\/uploads\/2022\/04\/plakat_moje_serce_2022-724x1024.jpg 724w, https:\/\/malopolskiecentrumsztuki.pl\/wp-content\/uploads\/2022\/04\/plakat_moje_serce_2022-212x300.jpg 212w, https:\/\/malopolskiecentrumsztuki.pl\/wp-content\/uploads\/2022\/04\/plakat_moje_serce_2022-768x1086.jpg 768w, https:\/\/malopolskiecentrumsztuki.pl\/wp-content\/uploads\/2022\/04\/plakat_moje_serce_2022-1086x1536.jpg 1086w, https:\/\/malopolskiecentrumsztuki.pl\/wp-content\/uploads\/2022\/04\/plakat_moje_serce_2022.jpg 1448w\" sizes=\"auto, (max-width: 724px) 100vw, 724px\" \/><\/figure>\n","protected":false},"excerpt":{"rendered":"<p>W kwietniu 2022 roku, wsp\u00f3lnie z M\u0142odzie\u017cowym Domem Kultury \u201cDom Harcerza\u201d im. prof. A. Kami\u0144skiego w Krakowie, zorganizowali\u015bmy wojew\u00f3dzki konkurs<\/p>\n<p><span class=\"more-link\"><a href=\"https:\/\/malopolskiecentrumsztuki.pl\/index.php\/portfolio\/wojewodzki-konkurs-na-interpretacje-piosenki-polskiej\/\" class=\"readmore\">Continue reading<span class=\"screen-reader-text\">moje serce to jest muzyk 2022<\/span><\/a><\/span><\/p>\n","protected":false},"author":12,"featured_media":83,"comment_status":"open","ping_status":"closed","template":"","jetpack-portfolio-type":[],"jetpack-portfolio-tag":[],"class_list":["post-128","jetpack-portfolio","type-jetpack-portfolio","status-publish","has-post-thumbnail","hentry"],"_links":{"self":[{"href":"https:\/\/malopolskiecentrumsztuki.pl\/index.php\/wp-json\/wp\/v2\/jetpack-portfolio\/128","targetHints":{"allow":["GET"]}}],"collection":[{"href":"https:\/\/malopolskiecentrumsztuki.pl\/index.php\/wp-json\/wp\/v2\/jetpack-portfolio"}],"about":[{"href":"https:\/\/malopolskiecentrumsztuki.pl\/index.php\/wp-json\/wp\/v2\/types\/jetpack-portfolio"}],"author":[{"embeddable":true,"href":"https:\/\/malopolskiecentrumsztuki.pl\/index.php\/wp-json\/wp\/v2\/users\/12"}],"replies":[{"embeddable":true,"href":"https:\/\/malopolskiecentrumsztuki.pl\/index.php\/wp-json\/wp\/v2\/comments?post=128"}],"wp:featuredmedia":[{"embeddable":true,"href":"https:\/\/malopolskiecentrumsztuki.pl\/index.php\/wp-json\/wp\/v2\/media\/83"}],"wp:attachment":[{"href":"https:\/\/malopolskiecentrumsztuki.pl\/index.php\/wp-json\/wp\/v2\/media?parent=128"}],"wp:term":[{"taxonomy":"jetpack-portfolio-type","embeddable":true,"href":"https:\/\/malopolskiecentrumsztuki.pl\/index.php\/wp-json\/wp\/v2\/jetpack-portfolio-type?post=128"},{"taxonomy":"jetpack-portfolio-tag","embeddable":true,"href":"https:\/\/malopolskiecentrumsztuki.pl\/index.php\/wp-json\/wp\/v2\/jetpack-portfolio-tag?post=128"}],"curies":[{"name":"wp","href":"https:\/\/api.w.org\/{rel}","templated":true}]}}

<p>W kwietniu 2022 roku, wspólnie z Młodzieżowym Domem Kultury “Dom Harcerza” im. prof. A. Kamińskiego w Krakowie, zorganizowaliśmy wojewódzki konkurs na interpretację piosenki polskiej.</p>



<p>Do konkursu przystępuje ponad 50 młodych artystów.</p>



<p>Relację i zwycięzców przedstawimy w maju 2022, po zakończeniu przesłuchań i obrad jury.</p>



<p>Więcej na stronie projektu: <a href="http://www.gramyspiewamy.pl" target="_blank" rel="nofollow">www.gramyspiewamy.pl</a></p>



<figure class="wp-block-image size-large"><img loading="lazy" decoding="async" width="724" height="1024" src="https://malopolskiecentrumsztuki.pl/wp-content/uploads/2022/04/plakat_moje_serce_2022-724x1024.jpg" alt="" class="wp-image-132" srcset="https://malopolskiecentrumsztuki.pl/wp-content/uploads/2022/04/plakat_moje_serce_2022-724x1024.jpg 724w, https://malopolskiecentrumsztuki.pl/wp-content/uploads/2022/04/plakat_moje_serce_2022-212x300.jpg 212w, https://malopolskiecentrumsztuki.pl/wp-content/uploads/2022/04/plakat_moje_serce_2022-768x1086.jpg 768w, https://malopolskiecentrumsztuki.pl/wp-content/uploads/2022/04/plakat_moje_serce_2022-1086x1536.jpg 1086w, https://malopolskiecentrumsztuki.pl/wp-content/uploads/2022/04/plakat_moje_serce_2022.jpg 1448w" sizes="auto, (max-width: 724px) 100vw, 724px" /></figure>

<p>W kwietniu 2022 roku, wspólnie z Młodzieżowym Domem Kultury “Dom Harcerza” im. prof. A. Kamińskiego w Krakowie, zorganizowaliśmy wojewódzki konkurs</p>
<p><span class="more-link"><a href="https://malopolskiecentrumsztuki.pl/index.php/portfolio/wojewodzki-konkurs-na-interpretacje-piosenki-polskiej/" class="readmore">Continue reading<span class="screen-reader-text">moje serce to jest muzyk 2022</span></a></span></p>
