{"id":153,"date":"2023-03-04T00:19:32","date_gmt":"2023-03-04T00:19:32","guid":{"rendered":"https:\/\/malopolskiecentrumsztuki.pl\/?post_type=jetpack-portfolio&#038;p=153"},"modified":"2024-03-12T20:36:21","modified_gmt":"2024-03-12T20:36:21","slug":"moje-serce-to-jest-muzyk-2023","status":"publish","type":"jetpack-portfolio","link":"https:\/\/malopolskiecentrumsztuki.pl\/index.php\/portfolio\/moje-serce-to-jest-muzyk-2023\/","title":{"rendered":"moje serce to jest muzyk 2023"},"content":{"rendered":"\n<p>Zapraszamy na drug\u0105 edycj\u0119 Wojew\u00f3dzkiego Konkursu na Interpretacj\u0119 Piosenki Polskiej!<\/p>\n\n\n\n<p>Zg\u0142oszenia nale\u017cy przes\u0142a\u0107 mailem na adres <a href=\"&#109;&#x61;i&#108;&#x74;&#111;&#x3a;i&#109;&#x70;r&#x65;&#x7a;&#121;&#x40;m&#100;&#x6b;-&#x6c;&#x6f;&#116;&#x6e;i&#99;&#x7a;&#97;&#x2e;p&#108;\" target=\"_blank\" rel=\"nofollow\">&#x69;&#109;&#x70;&#x72;e&#x7a;&#121;&#64;&#x6d;&#100;k&#x2d;&#108;&#x6f;&#x74;n&#x69;&#99;z&#x61;&#46;p&#x6c;<\/a> lub dostarczy\u0107 bezpo\u015brednio do sekretariatu M\u0142odzie\u017cowego Domu Kultury &#8222;Dom Harcerza&#8221; im. prof. A. Kami\u0144skiego, 31-462 Krak\u00f3w, ul. Lotnicza 1.<\/p>\n\n\n\n<p>Informacje: tel. 12 294 44 44 \/ 12 411 91 89.<\/p>\n\n\n\n<p class=\"has-dark-orange-color has-text-color\">OSTATECZNY TERMIN PRZYJMOWANIA ZG\u0141OSZE\u0143 <strong>30 KWIETNIA 2023 roku<\/strong><\/p>\n\n\n\n<p>Zg\u0142oszenie uczestnika powinno zawiera\u0107: <strong>imi\u0119 i nazwisko ucznia, adres i telefon szko\u0142y,<\/strong> imi\u0119 i nazwisko opiekuna, wraz z telefonem kontaktowym oraz tytu\u0142y prezentowanych utwor\u00f3w. <\/p>\n\n\n\n<p>Prosimy o zapoznanie si\u0119 z regulaminem konkursu!<\/p>\n\n\n\n<figure class=\"wp-block-image size-large\"><img loading=\"lazy\" decoding=\"async\" width=\"724\" height=\"1024\" src=\"https:\/\/malopolskiecentrumsztuki.pl\/wp-content\/uploads\/2023\/03\/serce2023_plakat-724x1024.png\" alt=\"Plakat drugiej edycji Wojew\u00f3dzkiego Konkursu na Interpretacj\u0119 Piosenki Polskiej 2023\" class=\"wp-image-155\" srcset=\"https:\/\/malopolskiecentrumsztuki.pl\/wp-content\/uploads\/2023\/03\/serce2023_plakat-724x1024.png 724w, https:\/\/malopolskiecentrumsztuki.pl\/wp-content\/uploads\/2023\/03\/serce2023_plakat-212x300.png 212w, https:\/\/malopolskiecentrumsztuki.pl\/wp-content\/uploads\/2023\/03\/serce2023_plakat-768x1086.png 768w, https:\/\/malopolskiecentrumsztuki.pl\/wp-content\/uploads\/2023\/03\/serce2023_plakat-1086x1536.png 1086w, https:\/\/malopolskiecentrumsztuki.pl\/wp-content\/uploads\/2023\/03\/serce2023_plakat-1448x2048.png 1448w\" sizes=\"auto, (max-width: 724px) 100vw, 724px\" \/><\/figure>\n\n\n\n<p>Karta zg\u0142oszenia i regulamin:<\/p>\n\n\n\n<div data-wp-interactive=\"core\/file\" class=\"wp-block-file\"><object data-wp-bind--hidden=\"!state.hasPdfPreview\" hidden class=\"wp-block-file__embed\" data=\"https:\/\/malopolskiecentrumsztuki.pl\/wp-content\/uploads\/2023\/03\/konkurs_karta_zgloszenia_2023.pdf\" type=\"application\/pdf\" style=\"width:100%;height:600px\" aria-label=\"Osadzone z Osadzone z konkurs_karta_zgloszenia_2023..\"><\/object><a id=\"wp-block-file--media-1672ef91-eb97-4a63-94cb-ef699e9046b0\" href=\"https:\/\/malopolskiecentrumsztuki.pl\/wp-content\/uploads\/2023\/03\/konkurs_karta_zgloszenia_2023.pdf\">konkurs_karta_zgloszenia_2023<\/a><a href=\"https:\/\/malopolskiecentrumsztuki.pl\/wp-content\/uploads\/2023\/03\/konkurs_karta_zgloszenia_2023.pdf\" class=\"wp-block-file__button\" download aria-describedby=\"wp-block-file--media-1672ef91-eb97-4a63-94cb-ef699e9046b0\">Pobierz<\/a><\/div>\n\n\n\n<p><\/p>\n","protected":false},"excerpt":{"rendered":"<p>Druga edycja Wojew\u00f3dzkiego Konkursu na Interpretacj\u0119 Piosenki Polskiej! &hellip; <\/p>\n<p><span class=\"more-link\"><a href=\"https:\/\/malopolskiecentrumsztuki.pl\/index.php\/portfolio\/moje-serce-to-jest-muzyk-2023\/\" class=\"readmore\">Continue reading<span class=\"screen-reader-text\">moje serce to jest muzyk 2023<\/span><\/a><\/span><\/p>\n","protected":false},"author":12,"featured_media":155,"comment_status":"open","ping_status":"closed","template":"","jetpack-portfolio-type":[],"jetpack-portfolio-tag":[],"class_list":["post-153","jetpack-portfolio","type-jetpack-portfolio","status-publish","has-post-thumbnail","hentry"],"_links":{"self":[{"href":"https:\/\/malopolskiecentrumsztuki.pl\/index.php\/wp-json\/wp\/v2\/jetpack-portfolio\/153","targetHints":{"allow":["GET"]}}],"collection":[{"href":"https:\/\/malopolskiecentrumsztuki.pl\/index.php\/wp-json\/wp\/v2\/jetpack-portfolio"}],"about":[{"href":"https:\/\/malopolskiecentrumsztuki.pl\/index.php\/wp-json\/wp\/v2\/types\/jetpack-portfolio"}],"author":[{"embeddable":true,"href":"https:\/\/malopolskiecentrumsztuki.pl\/index.php\/wp-json\/wp\/v2\/users\/12"}],"replies":[{"embeddable":true,"href":"https:\/\/malopolskiecentrumsztuki.pl\/index.php\/wp-json\/wp\/v2\/comments?post=153"}],"wp:featuredmedia":[{"embeddable":true,"href":"https:\/\/malopolskiecentrumsztuki.pl\/index.php\/wp-json\/wp\/v2\/media\/155"}],"wp:attachment":[{"href":"https:\/\/malopolskiecentrumsztuki.pl\/index.php\/wp-json\/wp\/v2\/media?parent=153"}],"wp:term":[{"taxonomy":"jetpack-portfolio-type","embeddable":true,"href":"https:\/\/malopolskiecentrumsztuki.pl\/index.php\/wp-json\/wp\/v2\/jetpack-portfolio-type?post=153"},{"taxonomy":"jetpack-portfolio-tag","embeddable":true,"href":"https:\/\/malopolskiecentrumsztuki.pl\/index.php\/wp-json\/wp\/v2\/jetpack-portfolio-tag?post=153"}],"curies":[{"name":"wp","href":"https:\/\/api.w.org\/{rel}","templated":true}]}}

<p>Zapraszamy na drugą edycję Wojewódzkiego Konkursu na Interpretację Piosenki Polskiej!</p>



<p>Zgłoszenia należy przesłać mailem na adres <a href="&#109;&#x61;i&#108;&#x74;&#111;&#x3a;i&#109;&#x70;r&#x65;&#x7a;&#121;&#x40;m&#100;&#x6b;-&#x6c;&#x6f;&#116;&#x6e;i&#99;&#x7a;&#97;&#x2e;p&#108;" target="_blank" rel="nofollow">&#x69;&#109;&#x70;&#x72;e&#x7a;&#121;&#64;&#x6d;&#100;k&#x2d;&#108;&#x6f;&#x74;n&#x69;&#99;z&#x61;&#46;p&#x6c;</a> lub dostarczyć bezpośrednio do sekretariatu Młodzieżowego Domu Kultury &#8222;Dom Harcerza&#8221; im. prof. A. Kamińskiego, 31-462 Kraków, ul. Lotnicza 1.</p>



<p>Informacje: tel. 12 294 44 44 / 12 411 91 89.</p>



<p class="has-dark-orange-color has-text-color">OSTATECZNY TERMIN PRZYJMOWANIA ZGŁOSZEŃ <strong>30 KWIETNIA 2023 roku</strong></p>



<p>Zgłoszenie uczestnika powinno zawierać: <strong>imię i nazwisko ucznia, adres i telefon szkoły,</strong> imię i nazwisko opiekuna, wraz z telefonem kontaktowym oraz tytuły prezentowanych utworów. </p>



<p>Prosimy o zapoznanie się z regulaminem konkursu!</p>



<figure class="wp-block-image size-large"><img loading="lazy" decoding="async" width="724" height="1024" src="https://malopolskiecentrumsztuki.pl/wp-content/uploads/2023/03/serce2023_plakat-724x1024.png" alt="Plakat drugiej edycji Wojewódzkiego Konkursu na Interpretację Piosenki Polskiej 2023" class="wp-image-155" srcset="https://malopolskiecentrumsztuki.pl/wp-content/uploads/2023/03/serce2023_plakat-724x1024.png 724w, https://malopolskiecentrumsztuki.pl/wp-content/uploads/2023/03/serce2023_plakat-212x300.png 212w, https://malopolskiecentrumsztuki.pl/wp-content/uploads/2023/03/serce2023_plakat-768x1086.png 768w, https://malopolskiecentrumsztuki.pl/wp-content/uploads/2023/03/serce2023_plakat-1086x1536.png 1086w, https://malopolskiecentrumsztuki.pl/wp-content/uploads/2023/03/serce2023_plakat-1448x2048.png 1448w" sizes="auto, (max-width: 724px) 100vw, 724px" /></figure>



<p>Karta zgłoszenia i regulamin:</p>



<div data-wp-interactive="core/file" class="wp-block-file"><object data-wp-bind--hidden="!state.hasPdfPreview" hidden class="wp-block-file__embed" data="https://malopolskiecentrumsztuki.pl/wp-content/uploads/2023/03/konkurs_karta_zgloszenia_2023.pdf" type="application/pdf" style="width:100%;height:600px" aria-label="Osadzone z Osadzone z konkurs_karta_zgloszenia_2023.."></object><a id="wp-block-file--media-1672ef91-eb97-4a63-94cb-ef699e9046b0" href="https://malopolskiecentrumsztuki.pl/wp-content/uploads/2023/03/konkurs_karta_zgloszenia_2023.pdf">konkurs_karta_zgloszenia_2023</a><a href="https://malopolskiecentrumsztuki.pl/wp-content/uploads/2023/03/konkurs_karta_zgloszenia_2023.pdf" class="wp-block-file__button" download aria-describedby="wp-block-file--media-1672ef91-eb97-4a63-94cb-ef699e9046b0">Pobierz</a></div>



<p></p>

<p>Druga edycja Wojewódzkiego Konkursu na Interpretację Piosenki Polskiej! &hellip; </p>
<p><span class="more-link"><a href="https://malopolskiecentrumsztuki.pl/index.php/portfolio/moje-serce-to-jest-muzyk-2023/" class="readmore">Continue reading<span class="screen-reader-text">moje serce to jest muzyk 2023</span></a></span></p>
