{"id":176,"date":"2024-03-12T20:34:24","date_gmt":"2024-03-12T20:34:24","guid":{"rendered":"https:\/\/malopolskiecentrumsztuki.pl\/?post_type=jetpack-portfolio&#038;p=176"},"modified":"2024-03-12T20:35:31","modified_gmt":"2024-03-12T20:35:31","slug":"moje-serce-to-jest-muzyk-2024","status":"publish","type":"jetpack-portfolio","link":"https:\/\/malopolskiecentrumsztuki.pl\/index.php\/portfolio\/moje-serce-to-jest-muzyk-2024\/","title":{"rendered":"moje serce to jest muzyk 2024"},"content":{"rendered":"\n<main id=\"main-content\"><\/main>\n\n\n\n<h2 class=\"wp-block-heading\">Zapraszamy na trzeci\u0105 edycj\u0119 Wojew\u00f3dzkiego Konkursu na Interpretacj\u0119 Piosenki Polskiej!<\/h2>\n\n\n<div class=\"wp-block-image\">\n<figure class=\"aligncenter size-large\"><img loading=\"lazy\" decoding=\"async\" width=\"724\" height=\"1024\" src=\"https:\/\/malopolskiecentrumsztuki.pl\/wp-content\/uploads\/2024\/03\/KONKURS-PIOSENKI-serce-2024_a-kopia-724x1024.jpg\" alt=\"\" class=\"wp-image-177\" srcset=\"https:\/\/malopolskiecentrumsztuki.pl\/wp-content\/uploads\/2024\/03\/KONKURS-PIOSENKI-serce-2024_a-kopia-724x1024.jpg 724w, https:\/\/malopolskiecentrumsztuki.pl\/wp-content\/uploads\/2024\/03\/KONKURS-PIOSENKI-serce-2024_a-kopia-212x300.jpg 212w, https:\/\/malopolskiecentrumsztuki.pl\/wp-content\/uploads\/2024\/03\/KONKURS-PIOSENKI-serce-2024_a-kopia-768x1086.jpg 768w, https:\/\/malopolskiecentrumsztuki.pl\/wp-content\/uploads\/2024\/03\/KONKURS-PIOSENKI-serce-2024_a-kopia-1087x1536.jpg 1087w, https:\/\/malopolskiecentrumsztuki.pl\/wp-content\/uploads\/2024\/03\/KONKURS-PIOSENKI-serce-2024_a-kopia-1449x2048.jpg 1449w, https:\/\/malopolskiecentrumsztuki.pl\/wp-content\/uploads\/2024\/03\/KONKURS-PIOSENKI-serce-2024_a-kopia.jpg 1693w\" sizes=\"auto, (max-width: 724px) 100vw, 724px\" \/><\/figure>\n<\/div>\n\n\n<p>Zg\u0142oszenia nale\u017cy przes\u0142a\u0107 mailem na adres&nbsp;<a href=\"&#x6d;a&#x69;&#108;t&#x6f;&#58;&#x69;&#109;p&#x72;&#101;&#x7a;&#121;&#64;&#x6d;&#100;&#x6b;&#x2d;l&#x6f;&#116;n&#x69;&#99;&#x7a;&#97;&#46;&#x70;&#108;\" target=\"_blank\" rel=\"nofollow\">i&#109;&#112;&#x72;&#x65;&#x7a;&#x79;&#64;&#109;&#100;&#107;&#x2d;&#x6c;&#x6f;tn&#105;&#99;&#x7a;&#x61;&#x2e;pl<\/a>&nbsp;lub dostarczy\u0107 bezpo\u015brednio do sekretariatu <strong>M\u0142odzie\u017cowego Domu Kultury &#8222;Dom Harcerza&#8221; im. prof. A. Kami\u0144skiego, 31-462 Krak\u00f3w, ul. Lotnicza 1.<\/strong><\/p>\n\n\n\n<p>Informacje: tel. 12 294 44 44 \/ 12 411 91 89.<\/p>\n\n\n\n<p>OSTATECZNY TERMIN PRZYJMOWANIA ZG\u0141OSZE\u0143:&nbsp;<strong>30 KWIETNIA 2024 roku<\/strong><\/p>\n\n\n\n<p>Zg\u0142oszenie uczestnika powinno zawiera\u0107:&nbsp;<strong>imi\u0119 i nazwisko ucznia, adres i telefon szko\u0142y,<\/strong>&nbsp;imi\u0119 i nazwisko opiekuna, wraz z telefonem kontaktowym oraz tytu\u0142y prezentowanych utwor\u00f3w.&nbsp;<\/p>\n\n\n\n<p><strong>Prosimy o zapoznanie si\u0119 z regulaminem konkursu!<\/strong><\/p>\n\n\n\n<div class=\"wp-block-columns is-layout-flex wp-container-core-columns-is-layout-9d6595d7 wp-block-columns-is-layout-flex\">\n<div class=\"wp-block-column is-layout-flow wp-block-column-is-layout-flow\">\n<div class=\"wp-block-buttons is-content-justification-center is-layout-flex wp-container-core-buttons-is-layout-16018d1d wp-block-buttons-is-layout-flex\">\n<div class=\"wp-block-button\"><a class=\"wp-block-button__link has-white-color has-text-color has-background has-link-color wp-element-button\" href=\"https:\/\/malopolskiecentrumsztuki.pl\/wp-content\/uploads\/2024\/03\/konkurs_karta_zgloszenia_2024.pdf\" style=\"background-color:#587fbd\">zobacz regulamin<\/a><\/div>\n<\/div>\n<\/div>\n\n\n\n<div class=\"wp-block-column is-layout-flow wp-block-column-is-layout-flow\">\n<div class=\"wp-block-buttons is-content-justification-center is-layout-flex wp-container-core-buttons-is-layout-16018d1d wp-block-buttons-is-layout-flex\">\n<div class=\"wp-block-button\"><a class=\"wp-block-button__link has-white-color has-luminous-vivid-orange-background-color has-text-color has-background has-link-color wp-element-button\" href=\"https:\/\/malopolskiecentrumsztuki.pl\/wp-content\/uploads\/2024\/03\/konkurs_karta_zgloszenia_2024.zip\">pobierz regulamin<\/a><\/div>\n<\/div>\n<\/div>\n<\/div>\n\n\n\n<p><strong>Organizatorzy:<\/strong><\/p>\n\n\n\n<ul class=\"wp-block-list\">\n<li>MDK Dom Harcerza im. prof. A. Kami\u0144skiego w Krakowie<\/li>\n\n\n\n<li>Ma\u0142opolskie Centrum Sztuki Krak\u00f3w<\/li>\n\n\n\n<li>Dzielnica II Grzeg\u00f3rzki &#8211; Krak\u00f3w<\/li>\n<\/ul>\n","protected":false},"excerpt":{"rendered":"<p>Trzecia edycja Wojew\u00f3dzkiego Konkursu na Interpretacj\u0119 Piosenki Polskiej! &hellip; <\/p>\n<p><span class=\"more-link\"><a href=\"https:\/\/malopolskiecentrumsztuki.pl\/index.php\/portfolio\/moje-serce-to-jest-muzyk-2024\/\" class=\"readmore\">Continue reading<span class=\"screen-reader-text\">moje serce to jest muzyk 2024<\/span><\/a><\/span><\/p>\n","protected":false},"author":12,"featured_media":177,"comment_status":"open","ping_status":"closed","template":"","jetpack-portfolio-type":[],"jetpack-portfolio-tag":[],"class_list":["post-176","jetpack-portfolio","type-jetpack-portfolio","status-publish","has-post-thumbnail","hentry"],"_links":{"self":[{"href":"https:\/\/malopolskiecentrumsztuki.pl\/index.php\/wp-json\/wp\/v2\/jetpack-portfolio\/176","targetHints":{"allow":["GET"]}}],"collection":[{"href":"https:\/\/malopolskiecentrumsztuki.pl\/index.php\/wp-json\/wp\/v2\/jetpack-portfolio"}],"about":[{"href":"https:\/\/malopolskiecentrumsztuki.pl\/index.php\/wp-json\/wp\/v2\/types\/jetpack-portfolio"}],"author":[{"embeddable":true,"href":"https:\/\/malopolskiecentrumsztuki.pl\/index.php\/wp-json\/wp\/v2\/users\/12"}],"replies":[{"embeddable":true,"href":"https:\/\/malopolskiecentrumsztuki.pl\/index.php\/wp-json\/wp\/v2\/comments?post=176"}],"wp:featuredmedia":[{"embeddable":true,"href":"https:\/\/malopolskiecentrumsztuki.pl\/index.php\/wp-json\/wp\/v2\/media\/177"}],"wp:attachment":[{"href":"https:\/\/malopolskiecentrumsztuki.pl\/index.php\/wp-json\/wp\/v2\/media?parent=176"}],"wp:term":[{"taxonomy":"jetpack-portfolio-type","embeddable":true,"href":"https:\/\/malopolskiecentrumsztuki.pl\/index.php\/wp-json\/wp\/v2\/jetpack-portfolio-type?post=176"},{"taxonomy":"jetpack-portfolio-tag","embeddable":true,"href":"https:\/\/malopolskiecentrumsztuki.pl\/index.php\/wp-json\/wp\/v2\/jetpack-portfolio-tag?post=176"}],"curies":[{"name":"wp","href":"https:\/\/api.w.org\/{rel}","templated":true}]}}

<main id="main-content"></main>



<h2 class="wp-block-heading">Zapraszamy na trzecią edycję Wojewódzkiego Konkursu na Interpretację Piosenki Polskiej!</h2>


<div class="wp-block-image">
<figure class="aligncenter size-large"><img loading="lazy" decoding="async" width="724" height="1024" src="https://malopolskiecentrumsztuki.pl/wp-content/uploads/2024/03/KONKURS-PIOSENKI-serce-2024_a-kopia-724x1024.jpg" alt="" class="wp-image-177" srcset="https://malopolskiecentrumsztuki.pl/wp-content/uploads/2024/03/KONKURS-PIOSENKI-serce-2024_a-kopia-724x1024.jpg 724w, https://malopolskiecentrumsztuki.pl/wp-content/uploads/2024/03/KONKURS-PIOSENKI-serce-2024_a-kopia-212x300.jpg 212w, https://malopolskiecentrumsztuki.pl/wp-content/uploads/2024/03/KONKURS-PIOSENKI-serce-2024_a-kopia-768x1086.jpg 768w, https://malopolskiecentrumsztuki.pl/wp-content/uploads/2024/03/KONKURS-PIOSENKI-serce-2024_a-kopia-1087x1536.jpg 1087w, https://malopolskiecentrumsztuki.pl/wp-content/uploads/2024/03/KONKURS-PIOSENKI-serce-2024_a-kopia-1449x2048.jpg 1449w, https://malopolskiecentrumsztuki.pl/wp-content/uploads/2024/03/KONKURS-PIOSENKI-serce-2024_a-kopia.jpg 1693w" sizes="auto, (max-width: 724px) 100vw, 724px" /></figure>
</div>


<p>Zgłoszenia należy przesłać mailem na adres&nbsp;<a href="&#x6d;a&#x69;&#108;t&#x6f;&#58;&#x69;&#109;p&#x72;&#101;&#x7a;&#121;&#64;&#x6d;&#100;&#x6b;&#x2d;l&#x6f;&#116;n&#x69;&#99;&#x7a;&#97;&#46;&#x70;&#108;" target="_blank" rel="nofollow">i&#109;&#112;&#x72;&#x65;&#x7a;&#x79;&#64;&#109;&#100;&#107;&#x2d;&#x6c;&#x6f;tn&#105;&#99;&#x7a;&#x61;&#x2e;pl</a>&nbsp;lub dostarczyć bezpośrednio do sekretariatu <strong>Młodzieżowego Domu Kultury &#8222;Dom Harcerza&#8221; im. prof. A. Kamińskiego, 31-462 Kraków, ul. Lotnicza 1.</strong></p>



<p>Informacje: tel. 12 294 44 44 / 12 411 91 89.</p>



<p>OSTATECZNY TERMIN PRZYJMOWANIA ZGŁOSZEŃ:&nbsp;<strong>30 KWIETNIA 2024 roku</strong></p>



<p>Zgłoszenie uczestnika powinno zawierać:&nbsp;<strong>imię i nazwisko ucznia, adres i telefon szkoły,</strong>&nbsp;imię i nazwisko opiekuna, wraz z telefonem kontaktowym oraz tytuły prezentowanych utworów.&nbsp;</p>



<p><strong>Prosimy o zapoznanie się z regulaminem konkursu!</strong></p>



<div class="wp-block-columns is-layout-flex wp-container-core-columns-is-layout-9d6595d7 wp-block-columns-is-layout-flex">
<div class="wp-block-column is-layout-flow wp-block-column-is-layout-flow">
<div class="wp-block-buttons is-content-justification-center is-layout-flex wp-container-core-buttons-is-layout-16018d1d wp-block-buttons-is-layout-flex">
<div class="wp-block-button"><a class="wp-block-button__link has-white-color has-text-color has-background has-link-color wp-element-button" href="https://malopolskiecentrumsztuki.pl/wp-content/uploads/2024/03/konkurs_karta_zgloszenia_2024.pdf" style="background-color:#587fbd">zobacz regulamin</a></div>
</div>
</div>



<div class="wp-block-column is-layout-flow wp-block-column-is-layout-flow">
<div class="wp-block-buttons is-content-justification-center is-layout-flex wp-container-core-buttons-is-layout-16018d1d wp-block-buttons-is-layout-flex">
<div class="wp-block-button"><a class="wp-block-button__link has-white-color has-luminous-vivid-orange-background-color has-text-color has-background has-link-color wp-element-button" href="https://malopolskiecentrumsztuki.pl/wp-content/uploads/2024/03/konkurs_karta_zgloszenia_2024.zip">pobierz regulamin</a></div>
</div>
</div>
</div>



<p><strong>Organizatorzy:</strong></p>



<ul class="wp-block-list">
<li>MDK Dom Harcerza im. prof. A. Kamińskiego w Krakowie</li>



<li>Małopolskie Centrum Sztuki Kraków</li>



<li>Dzielnica II Grzegórzki &#8211; Kraków</li>
</ul>

<p>Trzecia edycja Wojewódzkiego Konkursu na Interpretację Piosenki Polskiej! &hellip; </p>
<p><span class="more-link"><a href="https://malopolskiecentrumsztuki.pl/index.php/portfolio/moje-serce-to-jest-muzyk-2024/" class="readmore">Continue reading<span class="screen-reader-text">moje serce to jest muzyk 2024</span></a></span></p>
