{"id":181,"date":"2026-02-02T18:01:03","date_gmt":"2026-02-02T18:01:03","guid":{"rendered":"https:\/\/malopolskiecentrumsztuki.pl\/?post_type=jetpack-portfolio&#038;p=181"},"modified":"2026-02-02T18:03:50","modified_gmt":"2026-02-02T18:03:50","slug":"moje-serce-to-jest-muzyk-2025","status":"publish","type":"jetpack-portfolio","link":"https:\/\/malopolskiecentrumsztuki.pl\/index.php\/portfolio\/moje-serce-to-jest-muzyk-2025\/","title":{"rendered":"moje serce to jest muzyk 2025"},"content":{"rendered":"\n<h2 class=\"wp-block-heading\">Zapraszamy na czwart\u0105 edycj\u0119 Wojew\u00f3dzkiego Konkursu na Interpretacj\u0119 Piosenki Polskiej!<\/h2>\n\n\n\n<figure class=\"wp-block-image size-large\"><img loading=\"lazy\" decoding=\"async\" width=\"1024\" height=\"725\" src=\"https:\/\/malopolskiecentrumsztuki.pl\/wp-content\/uploads\/2026\/02\/KONKURS-PIOSENKI-serce-2025-2048x1449-1-1024x725.jpg\" alt=\"\" class=\"wp-image-182\" srcset=\"https:\/\/malopolskiecentrumsztuki.pl\/wp-content\/uploads\/2026\/02\/KONKURS-PIOSENKI-serce-2025-2048x1449-1-1024x725.jpg 1024w, https:\/\/malopolskiecentrumsztuki.pl\/wp-content\/uploads\/2026\/02\/KONKURS-PIOSENKI-serce-2025-2048x1449-1-300x212.jpg 300w, https:\/\/malopolskiecentrumsztuki.pl\/wp-content\/uploads\/2026\/02\/KONKURS-PIOSENKI-serce-2025-2048x1449-1-768x543.jpg 768w, https:\/\/malopolskiecentrumsztuki.pl\/wp-content\/uploads\/2026\/02\/KONKURS-PIOSENKI-serce-2025-2048x1449-1-1536x1087.jpg 1536w, https:\/\/malopolskiecentrumsztuki.pl\/wp-content\/uploads\/2026\/02\/KONKURS-PIOSENKI-serce-2025-2048x1449-1.jpg 2048w\" sizes=\"auto, (max-width: 1024px) 100vw, 1024px\" \/><\/figure>\n\n\n\n<figure class=\"wp-block-image size-large\"><img loading=\"lazy\" decoding=\"async\" width=\"1024\" height=\"702\" src=\"https:\/\/malopolskiecentrumsztuki.pl\/wp-content\/uploads\/2026\/02\/KONKURS-PIOSENKI-serce-2025_2-2048x1403-1-1024x702.jpg\" alt=\"\" class=\"wp-image-183\" srcset=\"https:\/\/malopolskiecentrumsztuki.pl\/wp-content\/uploads\/2026\/02\/KONKURS-PIOSENKI-serce-2025_2-2048x1403-1-1024x702.jpg 1024w, https:\/\/malopolskiecentrumsztuki.pl\/wp-content\/uploads\/2026\/02\/KONKURS-PIOSENKI-serce-2025_2-2048x1403-1-300x206.jpg 300w, https:\/\/malopolskiecentrumsztuki.pl\/wp-content\/uploads\/2026\/02\/KONKURS-PIOSENKI-serce-2025_2-2048x1403-1-768x526.jpg 768w, https:\/\/malopolskiecentrumsztuki.pl\/wp-content\/uploads\/2026\/02\/KONKURS-PIOSENKI-serce-2025_2-2048x1403-1-1536x1052.jpg 1536w, https:\/\/malopolskiecentrumsztuki.pl\/wp-content\/uploads\/2026\/02\/KONKURS-PIOSENKI-serce-2025_2-2048x1403-1.jpg 2048w\" sizes=\"auto, (max-width: 1024px) 100vw, 1024px\" \/><\/figure>\n\n\n\n<p><strong>Organizatorzy:<\/strong><\/p>\n\n\n\n<ul class=\"wp-block-list\">\n<li>MDK Dom Harcerza im. prof. A. Kami\u0144skiego w Krakowie<\/li>\n\n\n\n<li>Ma\u0142opolskie Centrum Sztuki Krak\u00f3w<\/li>\n\n\n\n<li>Dzielnica II Grzeg\u00f3rzki &#8211; Krak\u00f3w<\/li>\n<\/ul>\n\n\n\n<p><\/p>\n","protected":false},"excerpt":{"rendered":"<p>Zapraszamy na czwart\u0105 edycj\u0119 Wojew\u00f3dzkiego Konkursu na Interpretacj\u0119 Piosenki Polskiej! Organizatorzy:<\/p>\n","protected":false},"author":12,"featured_media":184,"comment_status":"open","ping_status":"closed","template":"","jetpack-portfolio-type":[],"jetpack-portfolio-tag":[],"class_list":["post-181","jetpack-portfolio","type-jetpack-portfolio","status-publish","has-post-thumbnail","hentry"],"_links":{"self":[{"href":"https:\/\/malopolskiecentrumsztuki.pl\/index.php\/wp-json\/wp\/v2\/jetpack-portfolio\/181","targetHints":{"allow":["GET"]}}],"collection":[{"href":"https:\/\/malopolskiecentrumsztuki.pl\/index.php\/wp-json\/wp\/v2\/jetpack-portfolio"}],"about":[{"href":"https:\/\/malopolskiecentrumsztuki.pl\/index.php\/wp-json\/wp\/v2\/types\/jetpack-portfolio"}],"author":[{"embeddable":true,"href":"https:\/\/malopolskiecentrumsztuki.pl\/index.php\/wp-json\/wp\/v2\/users\/12"}],"replies":[{"embeddable":true,"href":"https:\/\/malopolskiecentrumsztuki.pl\/index.php\/wp-json\/wp\/v2\/comments?post=181"}],"wp:featuredmedia":[{"embeddable":true,"href":"https:\/\/malopolskiecentrumsztuki.pl\/index.php\/wp-json\/wp\/v2\/media\/184"}],"wp:attachment":[{"href":"https:\/\/malopolskiecentrumsztuki.pl\/index.php\/wp-json\/wp\/v2\/media?parent=181"}],"wp:term":[{"taxonomy":"jetpack-portfolio-type","embeddable":true,"href":"https:\/\/malopolskiecentrumsztuki.pl\/index.php\/wp-json\/wp\/v2\/jetpack-portfolio-type?post=181"},{"taxonomy":"jetpack-portfolio-tag","embeddable":true,"href":"https:\/\/malopolskiecentrumsztuki.pl\/index.php\/wp-json\/wp\/v2\/jetpack-portfolio-tag?post=181"}],"curies":[{"name":"wp","href":"https:\/\/api.w.org\/{rel}","templated":true}]}}

<h2 class="wp-block-heading">Zapraszamy na czwartą edycję Wojewódzkiego Konkursu na Interpretację Piosenki Polskiej!</h2>



<figure class="wp-block-image size-large"><img loading="lazy" decoding="async" width="1024" height="725" src="https://malopolskiecentrumsztuki.pl/wp-content/uploads/2026/02/KONKURS-PIOSENKI-serce-2025-2048x1449-1-1024x725.jpg" alt="" class="wp-image-182" srcset="https://malopolskiecentrumsztuki.pl/wp-content/uploads/2026/02/KONKURS-PIOSENKI-serce-2025-2048x1449-1-1024x725.jpg 1024w, https://malopolskiecentrumsztuki.pl/wp-content/uploads/2026/02/KONKURS-PIOSENKI-serce-2025-2048x1449-1-300x212.jpg 300w, https://malopolskiecentrumsztuki.pl/wp-content/uploads/2026/02/KONKURS-PIOSENKI-serce-2025-2048x1449-1-768x543.jpg 768w, https://malopolskiecentrumsztuki.pl/wp-content/uploads/2026/02/KONKURS-PIOSENKI-serce-2025-2048x1449-1-1536x1087.jpg 1536w, https://malopolskiecentrumsztuki.pl/wp-content/uploads/2026/02/KONKURS-PIOSENKI-serce-2025-2048x1449-1.jpg 2048w" sizes="auto, (max-width: 1024px) 100vw, 1024px" /></figure>



<figure class="wp-block-image size-large"><img loading="lazy" decoding="async" width="1024" height="702" src="https://malopolskiecentrumsztuki.pl/wp-content/uploads/2026/02/KONKURS-PIOSENKI-serce-2025_2-2048x1403-1-1024x702.jpg" alt="" class="wp-image-183" srcset="https://malopolskiecentrumsztuki.pl/wp-content/uploads/2026/02/KONKURS-PIOSENKI-serce-2025_2-2048x1403-1-1024x702.jpg 1024w, https://malopolskiecentrumsztuki.pl/wp-content/uploads/2026/02/KONKURS-PIOSENKI-serce-2025_2-2048x1403-1-300x206.jpg 300w, https://malopolskiecentrumsztuki.pl/wp-content/uploads/2026/02/KONKURS-PIOSENKI-serce-2025_2-2048x1403-1-768x526.jpg 768w, https://malopolskiecentrumsztuki.pl/wp-content/uploads/2026/02/KONKURS-PIOSENKI-serce-2025_2-2048x1403-1-1536x1052.jpg 1536w, https://malopolskiecentrumsztuki.pl/wp-content/uploads/2026/02/KONKURS-PIOSENKI-serce-2025_2-2048x1403-1.jpg 2048w" sizes="auto, (max-width: 1024px) 100vw, 1024px" /></figure>



<p><strong>Organizatorzy:</strong></p>



<ul class="wp-block-list">
<li>MDK Dom Harcerza im. prof. A. Kamińskiego w Krakowie</li>



<li>Małopolskie Centrum Sztuki Kraków</li>



<li>Dzielnica II Grzegórzki &#8211; Kraków</li>
</ul>



<p></p>

<p>Zapraszamy na czwartą edycję Wojewódzkiego Konkursu na Interpretację Piosenki Polskiej! Organizatorzy:</p>
